List the prime factors of 291929971.
1283, 227537
List the prime factors of 317289461.
353, 907, 991
List the prime factors of 140945783.
11, 12813253
What are the prime factors of 7263993400?
2, 5, 23, 661, 2389
List the prime factors of 1746297392.
2, 7, 17, 917173
What are the prime factors of 1002067931?
5261, 190471
What are the prime factors of 499349888?
2, 53, 73607
List the prime factors of 97528347.
3, 7, 516023
List the prime factors of 277431994.
2, 7, 37, 41, 13063
List the prime factors of 68766934.
2, 5527, 6221
List the prime factors of 393030904.
2, 7, 7018409
What are the prime factors of 71563091?
53, 1350247
What are the prime factors of 309106127?
11, 227, 123791
What are the prime factors of 1271967073?
13, 151, 577, 1123
List the prime factors of 40572990.
2, 3, 5, 450811
What are the prime factors of 250443003?
3, 61, 181, 7561
What are the prime factors of 8375579984?
2, 2699, 193951
List the prime factors of 982925997.
3, 5683, 57653
What are the prime factors of 6345270?
2, 3, 5, 71, 331
List the prime factors of 120850693.
120850693
What are the prime factors of 458870801?
1597, 287333
List the prime factors of 407875687.
407875687
List the prime factors of 684177301.
9181, 74521
What are the prime factors of 4723108032?
2, 3, 24599521
What are the prime factors of 173345515?
5, 7, 17, 291337
What are the prime factors of 270772650?
2, 3, 5, 601717
List the prime factors of 15148516.
2, 41, 92369
What are the prime factors of 5232272674?
2, 67, 113, 345547
List the prime factors of 2656172852.
2, 47, 14128579
What are the prime factors of 2884490205?
3, 5, 192299347
List the prime factors of 851373585.
3, 5, 131, 1783
What are the prime factors of 82653905?
5, 31, 367, 1453
What are the prime factors of 566384439?
3, 263, 717851
What are the prime factors of 80784847?
11, 13, 79, 7151
List the prime factors of 40986042.
2, 3, 6831007
What are the prime factors of 545615875?
5, 7, 19, 37, 887
What are the prime factors of 48883931?
31, 41, 38461
List the prime factors of 72725935.
5, 1151, 12637
What are the prime factors of 4568993525?
5, 17, 53, 202841
What are the prime factors of 210429432?
2, 3, 2922631
What are the prime factors of 6209175483?
3, 7, 14079763
What are the prime factors of 41019104?
2, 7, 149, 1229
List the prime factors of 4914675398.
2, 167, 977, 15061
List the prime factors of 2095496218.
2, 233, 347, 12959
What are the prime factors of 10975198?
2, 13, 19, 1709
What are the prime factors of 1561376290?
2, 5, 53, 2945993
What are the prime factors of 12393295?
5, 29, 127, 673
What are the prime factors of 523722462?
2, 3, 87287077
List the prime factors of 1256608261.
17, 73918133
List the prime factors of 308397997.
37, 8335081
List the prime factors of 6229115811.
3, 53, 331, 13151
What are the prime factors of 11939104?
2, 509, 733
List the prime factors of 8087564356.
2, 43, 181, 259783
List the prime factors of 679022071.
7, 13, 7461781
List the prime factors of 28532385.
3, 5, 7, 109, 277
What are the prime factors of 250122637?
1237, 202201
List the prime factors of 129727922.
2, 64863961
What are the prime factors of 72555091?
7, 19, 545527
What are the prime factors of 37909470?
2, 3, 5, 139, 9091
What are the prime factors of 101843221?
41, 43, 61, 947
List the prime factors of 1150893825.
3, 5, 59, 260089
List the prime factors of 42111937.
7, 151, 39841
What are the prime factors of 37046723?
7, 17, 419, 743
List the prime factors of 40634797.
7, 5804971
List the prime factors of 1584148333.
33203, 47711
List the prime factors of 1365450592.
2, 11, 3879121
List the prime factors of 122501806.
2, 7, 1373, 6373
List the prime factors of 1209655657.
7, 172807951
List the prime factors of 15514704.
2, 3, 107741
List the prime factors of 500723746.
2, 17, 61, 241429
List the prime factors of 29662422.
2, 3, 4943737
What are the prime factors of 353263625?
5, 11, 13, 19763
What are the prime factors of 163010331?
3, 11, 17, 96857
List the prime factors of 281088393.
3, 4517, 20743
List the prime factors of 43161030.
2, 3, 5, 11, 43597
What are the prime factors of 375358273?
173, 2169701
List the prime factors of 107169667.
11, 311, 31327
What are the prime factors of 3029966528?
2, 137, 345571
List the prime factors of 31308529.
7, 191, 23417
What are the prime factors of 6213405?
3, 5, 11, 37657
What are the prime factors of 881956472?
2, 2801, 39359
What are the prime factors of 33347943?
3, 411703
What are the prime factors of 2756597554?
2, 1378298777
List the prime factors of 1871935521.
3, 163, 1069, 3581
What are the prime factors of 2421159775?
5, 109, 888499
List the prime factors of 24694087.
11, 151, 14867
What are the prime factors of 613040291?
97, 6320003
What are the prime factors of 1031000398?
2, 515500199
What are the prime factors of 309099029?
309099029
What are the prime factors of 30838334?
2, 15419167
What are the prime factors of 5917073?
29, 211, 967
What are the prime factors of 13361652?
2, 3, 123719
List the prime factors of 69362114.
2, 167, 207671
What are the prime factors of 1307508548?
2, 73, 4477769
What are the prime factors of 614259713?
614259713
What are the prime factors of 8753698?
2, 4376849
List the prime factors of 884696665.
5, 176939333
What are the prime factors of 1339481113?
103, 13004671
List the prime factors of 6503094.
2, 3, 13, 27791
List the prime factors of 73344301.
1747, 41983
List the prime factors of 80971096.
2, 37, 273551
List the prime factors of 1997287312.
2, 124830457
List the prime factors of 6247848.
2, 3, 439, 593
What are the prime factors of 318224991?
3, 7, 15153571
List the prime factors of 6127391421.
3, 7901, 28723
List the prime factors of 4942898304.
2, 3, 12872131
List the prime factors of 27562252.
2, 487, 14149
List the prime factors of 363937422.
2, 3, 167, 363211
List the prime factors of 3786292780.
2, 5, 29, 6528091
List the prime factors of 2592633296.
2, 11, 19, 775309
What are the prime factors of 24983407?
24983407
List the prime factors of 292098922.
2, 146049461
What are the prime factors of 25824067?
25824067
List the prime factors of 233807380.
2, 5, 53, 220573
What are the prime factors of 2484500914?
2, 7, 19, 491591
What are the prime factors of 5904895?
5, 1180979
What are the prime factors of 483265667?
19069, 25343
What are the prime factors of 51405049?
51405049
What are the prime factors of 50226347?
17, 29, 101879
What are the prime factors of 255574937?
71, 3599647
List the prime factors of 26188497.
3, 2909833
What are the prime factors of 271650285?
3, 5, 83, 257, 283
What are the prime factors of 404615846?
2, 202307923
What are the prime factors of 538499025?
3, 5, 163, 14683
What are the prime factors of 3199524312?
2, 3, 233, 572161
What are the prime factors of 15645105?
3, 5, 7, 49667
List the prime factors of 54758052.
2, 3, 97, 5227
What are the prime factors of 10548748?
2, 7, 67, 5623
What are the prime factors of 32907850?
2, 5, 107, 6151
What are the prime factors of 32398459?
32398459
What are the prime factors of 573829173?
3, 63758797
What are the prime factors of 164650470?
2, 3, 5, 5488349
List the prime factors of 3180533466.
2, 3, 11, 71, 678731
What are the prime factors of 1662556244?
2, 881, 471781
What are the prime factors of 94371658?
2, 17, 2775637
What are the prime factors of 11921877?
3, 11, 137, 293
List the prime factors of 699229805.
5, 17, 1607, 5119
List the prime factors of 778499413.
83, 9379511
What are the prime factors of 492119085?
3, 5, 32807939
List the prime factors of 8090922.
2, 3, 7, 19, 10139
What are the prime factors of 306837285?
3, 5, 151, 135469
What are the prime factors of 101767562?
2, 13, 1931, 2027
What are the prime factors of 11631801?
3, 37, 43, 2437
List the prime factors of 1087217951.
41, 2203, 12037
What are the prime factors of 151726999?
239, 634841
List the prime factors of 2379736763.
157, 3671, 4129
What are the prime factors of 89816192?
2, 19, 36931
What are the prime factors of 657800767?
13, 19, 47, 56663
What are the prime factors of 204547345?
5, 43, 601, 1583
What are the prime factors of 547271780?
2, 5, 11, 2487599
List the prime factors of 3996163936.
2, 124880123
What are the prime factors of 177992578